{"id":41,"date":"2026-03-12T13:13:57","date_gmt":"2026-03-12T13:13:57","guid":{"rendered":"https:\/\/beta.rebecca-blatter.ch\/?page_id=41"},"modified":"2026-04-08T06:15:08","modified_gmt":"2026-04-08T06:15:08","slug":"home-2","status":"publish","type":"page","link":"https:\/\/beta.rebecca-blatter.ch\/","title":{"rendered":"Home"},"content":{"rendered":"\t\t<div data-elementor-type=\"wp-page\" data-elementor-id=\"41\" class=\"elementor elementor-41\">\n\t\t\t\t<div class=\"elementor-element elementor-element-86992bb e-flex e-con-boxed e-con e-parent\" data-id=\"86992bb\" data-element_type=\"container\" data-e-type=\"container\">\n\t\t\t\t\t<div class=\"e-con-inner\">\n\t\t<div class=\"elementor-element elementor-element-e0c7ee9 e-con-full e-flex e-con e-child\" data-id=\"e0c7ee9\" data-element_type=\"container\" data-e-type=\"container\">\n\t\t\t\t<div class=\"elementor-element elementor-element-e4dde8f elementor-widget elementor-widget-heading\" data-id=\"e4dde8f\" data-element_type=\"widget\" data-e-type=\"widget\" data-widget_type=\"heading.default\">\n\t\t\t\t\t<h2 class=\"elementor-heading-title elementor-size-default\">Erlaube Dir, dich selbst zu sein<\/h2>\t\t\t\t<\/div>\n\t\t\t\t<div class=\"elementor-element elementor-element-a261bb0 elementor-widget elementor-widget-text-editor\" data-id=\"a261bb0\" data-element_type=\"widget\" data-e-type=\"widget\" data-widget_type=\"text-editor.default\">\n\t\t\t\t\t\t\t\t\t<p>Hier bist Du willkommen, so wie Du bist \u2013 mit all deinen Themen. Gemeinsam ebnen wir den Weg, damit Du wieder strahlen kannst.<\/p>\t\t\t\t\t\t\t\t<\/div>\n\t\t\t\t<\/div>\n\t\t<div class=\"elementor-element elementor-element-84318a6 e-con-full e-flex e-con e-child\" data-id=\"84318a6\" data-element_type=\"container\" data-e-type=\"container\">\n\t\t\t\t<div class=\"elementor-element elementor-element-b34ac14 elementor-widget elementor-widget-image\" data-id=\"b34ac14\" data-element_type=\"widget\" data-e-type=\"widget\" data-widget_type=\"image.default\">\n\t\t\t\t\t\t\t\t\t\t\t\t\t\t\t<img fetchpriority=\"high\" decoding=\"async\" width=\"1024\" height=\"1024\" src=\"https:\/\/beta.rebecca-blatter.ch\/wp-content\/uploads\/2026\/03\/IMG_0258_quadrat_web-1024x1024.jpg\" class=\"attachment-large size-large wp-image-147\" alt=\"\" srcset=\"https:\/\/beta.rebecca-blatter.ch\/wp-content\/uploads\/2026\/03\/IMG_0258_quadrat_web-1024x1024.jpg 1024w, https:\/\/beta.rebecca-blatter.ch\/wp-content\/uploads\/2026\/03\/IMG_0258_quadrat_web-300x300.jpg 300w, https:\/\/beta.rebecca-blatter.ch\/wp-content\/uploads\/2026\/03\/IMG_0258_quadrat_web-150x150.jpg 150w, https:\/\/beta.rebecca-blatter.ch\/wp-content\/uploads\/2026\/03\/IMG_0258_quadrat_web-768x768.jpg 768w, https:\/\/beta.rebecca-blatter.ch\/wp-content\/uploads\/2026\/03\/IMG_0258_quadrat_web.jpg 1500w\" sizes=\"(max-width: 1024px) 100vw, 1024px\" \/>\t\t\t\t\t\t\t\t\t\t\t\t\t\t\t<\/div>\n\t\t\t\t<\/div>\n\t\t\t\t\t<\/div>\n\t\t\t\t<\/div>\n\t\t<div class=\"elementor-element elementor-element-7819cc1 e-flex e-con-boxed e-con e-parent\" data-id=\"7819cc1\" data-element_type=\"container\" data-e-type=\"container\" data-settings=\"{&quot;background_background&quot;:&quot;classic&quot;}\">\n\t\t\t\t\t<div class=\"e-con-inner\">\n\t\t\t\t<div class=\"elementor-element elementor-element-3732bde elementor-widget elementor-widget-text-editor\" data-id=\"3732bde\" data-element_type=\"widget\" data-e-type=\"widget\" data-widget_type=\"text-editor.default\">\n\t\t\t\t\t\t\t\t\t<p style=\"text-align: center;\">Willst Du Verantwortung f\u00fcr dein Leben, dein Denken und dein Handeln \u00fcbernehmen? Bist Du offen, Dinge neu zu betrachten? Willst Du bisher Verborgenes entdecken, annehmen und bei Bedarf aufl\u00f6sen?<\/p><p style=\"font-weight: 400; text-align: center;\">Dann freue ich mich, dich begleiten zu d\u00fcrfen, damit Du wieder in Fluss kommst und deinen Weg beschwingt, klar und lustvoll weitergehen kannst.<\/p>\t\t\t\t\t\t\t\t<\/div>\n\t\t\t\t<div class=\"elementor-element elementor-element-91d18b2 elementor-mobile-align-center elementor-align-center elementor-widget elementor-widget-button\" data-id=\"91d18b2\" data-element_type=\"widget\" data-e-type=\"widget\" data-widget_type=\"button.default\">\n\t\t\t\t\t\t\t\t\t\t<a class=\"elementor-button elementor-button-link elementor-size-sm\" href=\"#\">\n\t\t\t\t\t\t<span class=\"elementor-button-content-wrapper\">\n\t\t\t\t\t\t\t\t\t<span class=\"elementor-button-text\">Los geht's!<\/span>\n\t\t\t\t\t<\/span>\n\t\t\t\t\t<\/a>\n\t\t\t\t\t\t\t\t<\/div>\n\t\t\t\t\t<\/div>\n\t\t\t\t<\/div>\n\t\t<div class=\"elementor-element elementor-element-0ef966b e-flex e-con-boxed e-con e-parent\" data-id=\"0ef966b\" data-element_type=\"container\" data-e-type=\"container\">\n\t\t\t\t\t<div class=\"e-con-inner\">\n\t\t\t\t<div class=\"elementor-element elementor-element-72c6e67 elementor-widget elementor-widget-spacer\" data-id=\"72c6e67\" data-element_type=\"widget\" data-e-type=\"widget\" data-widget_type=\"spacer.default\">\n\t\t\t\t\t\t\t<div class=\"elementor-spacer\">\n\t\t\t<div class=\"elementor-spacer-inner\"><\/div>\n\t\t<\/div>\n\t\t\t\t\t\t<\/div>\n\t\t\t\t\t<\/div>\n\t\t\t\t<\/div>\n\t\t<div class=\"elementor-element elementor-element-3383e43a e-flex e-con-boxed e-con e-parent\" data-id=\"3383e43a\" data-element_type=\"container\" data-e-type=\"container\">\n\t\t\t\t\t<div class=\"e-con-inner\">\n\t\t<div class=\"elementor-element elementor-element-dab8c40 e-con-full e-flex e-con e-child\" data-id=\"dab8c40\" data-element_type=\"container\" data-e-type=\"container\">\n\t\t<div class=\"elementor-element elementor-element-5e99b19b e-con-full e-flex e-con e-child\" data-id=\"5e99b19b\" data-element_type=\"container\" data-e-type=\"container\">\n\t\t\t\t<div class=\"elementor-element elementor-element-3eae2d8 elementor-widget elementor-widget-image\" data-id=\"3eae2d8\" data-element_type=\"widget\" data-e-type=\"widget\" data-widget_type=\"image.default\">\n\t\t\t\t\t\t\t\t\t\t\t\t\t\t\t<img decoding=\"async\" width=\"1024\" height=\"1024\" src=\"https:\/\/beta.rebecca-blatter.ch\/wp-content\/uploads\/2026\/03\/IMG_9950_quadrat-web-1024x1024.jpg\" class=\"attachment-large size-large wp-image-172\" alt=\"\" srcset=\"https:\/\/beta.rebecca-blatter.ch\/wp-content\/uploads\/2026\/03\/IMG_9950_quadrat-web-1024x1024.jpg 1024w, https:\/\/beta.rebecca-blatter.ch\/wp-content\/uploads\/2026\/03\/IMG_9950_quadrat-web-300x300.jpg 300w, https:\/\/beta.rebecca-blatter.ch\/wp-content\/uploads\/2026\/03\/IMG_9950_quadrat-web-150x150.jpg 150w, https:\/\/beta.rebecca-blatter.ch\/wp-content\/uploads\/2026\/03\/IMG_9950_quadrat-web-768x768.jpg 768w, https:\/\/beta.rebecca-blatter.ch\/wp-content\/uploads\/2026\/03\/IMG_9950_quadrat-web.jpg 1500w\" sizes=\"(max-width: 1024px) 100vw, 1024px\" \/>\t\t\t\t\t\t\t\t\t\t\t\t\t\t\t<\/div>\n\t\t\t\t<div class=\"elementor-element elementor-element-5911b5b9 elementor-widget elementor-widget-image\" data-id=\"5911b5b9\" data-element_type=\"widget\" data-e-type=\"widget\" data-widget_type=\"image.default\">\n\t\t\t\t\t\t\t\t\t\t\t\t\t\t\t<img decoding=\"async\" width=\"1024\" height=\"1024\" src=\"https:\/\/beta.rebecca-blatter.ch\/wp-content\/uploads\/2026\/03\/IMG_9668_quadrat-web-1024x1024.jpg\" class=\"attachment-large size-large wp-image-171\" alt=\"\" srcset=\"https:\/\/beta.rebecca-blatter.ch\/wp-content\/uploads\/2026\/03\/IMG_9668_quadrat-web-1024x1024.jpg 1024w, https:\/\/beta.rebecca-blatter.ch\/wp-content\/uploads\/2026\/03\/IMG_9668_quadrat-web-300x300.jpg 300w, https:\/\/beta.rebecca-blatter.ch\/wp-content\/uploads\/2026\/03\/IMG_9668_quadrat-web-150x150.jpg 150w, https:\/\/beta.rebecca-blatter.ch\/wp-content\/uploads\/2026\/03\/IMG_9668_quadrat-web-768x768.jpg 768w, https:\/\/beta.rebecca-blatter.ch\/wp-content\/uploads\/2026\/03\/IMG_9668_quadrat-web.jpg 1500w\" sizes=\"(max-width: 1024px) 100vw, 1024px\" \/>\t\t\t\t\t\t\t\t\t\t\t\t\t\t\t<\/div>\n\t\t\t\t<\/div>\n\t\t<div class=\"elementor-element elementor-element-6fe9e9f0 e-con-full e-flex e-con e-child\" data-id=\"6fe9e9f0\" data-element_type=\"container\" data-e-type=\"container\">\n\t\t\t\t<div class=\"elementor-element elementor-element-693d7b7e elementor-widget elementor-widget-image\" data-id=\"693d7b7e\" data-element_type=\"widget\" data-e-type=\"widget\" data-widget_type=\"image.default\">\n\t\t\t\t\t\t\t\t\t\t\t\t\t\t\t<img loading=\"lazy\" decoding=\"async\" width=\"1024\" height=\"1024\" src=\"https:\/\/beta.rebecca-blatter.ch\/wp-content\/uploads\/2026\/03\/IMG_0835_quadrat-web-1024x1024.jpg\" class=\"attachment-large size-large wp-image-154\" alt=\"\" srcset=\"https:\/\/beta.rebecca-blatter.ch\/wp-content\/uploads\/2026\/03\/IMG_0835_quadrat-web-1024x1024.jpg 1024w, https:\/\/beta.rebecca-blatter.ch\/wp-content\/uploads\/2026\/03\/IMG_0835_quadrat-web-300x300.jpg 300w, https:\/\/beta.rebecca-blatter.ch\/wp-content\/uploads\/2026\/03\/IMG_0835_quadrat-web-150x150.jpg 150w, https:\/\/beta.rebecca-blatter.ch\/wp-content\/uploads\/2026\/03\/IMG_0835_quadrat-web-768x768.jpg 768w, https:\/\/beta.rebecca-blatter.ch\/wp-content\/uploads\/2026\/03\/IMG_0835_quadrat-web.jpg 1500w\" sizes=\"(max-width: 1024px) 100vw, 1024px\" \/>\t\t\t\t\t\t\t\t\t\t\t\t\t\t\t<\/div>\n\t\t\t\t<div class=\"elementor-element elementor-element-590c7a07 elementor-widget elementor-widget-image\" data-id=\"590c7a07\" data-element_type=\"widget\" data-e-type=\"widget\" data-widget_type=\"image.default\">\n\t\t\t\t\t\t\t\t\t\t\t\t\t\t\t<img loading=\"lazy\" decoding=\"async\" width=\"1024\" height=\"1024\" src=\"https:\/\/beta.rebecca-blatter.ch\/wp-content\/uploads\/2026\/03\/IMG_0198_quadrat-web-1024x1024.jpg\" class=\"attachment-large size-large wp-image-170\" alt=\"\" srcset=\"https:\/\/beta.rebecca-blatter.ch\/wp-content\/uploads\/2026\/03\/IMG_0198_quadrat-web-1024x1024.jpg 1024w, https:\/\/beta.rebecca-blatter.ch\/wp-content\/uploads\/2026\/03\/IMG_0198_quadrat-web-300x300.jpg 300w, https:\/\/beta.rebecca-blatter.ch\/wp-content\/uploads\/2026\/03\/IMG_0198_quadrat-web-150x150.jpg 150w, https:\/\/beta.rebecca-blatter.ch\/wp-content\/uploads\/2026\/03\/IMG_0198_quadrat-web-768x768.jpg 768w, https:\/\/beta.rebecca-blatter.ch\/wp-content\/uploads\/2026\/03\/IMG_0198_quadrat-web.jpg 1500w\" sizes=\"(max-width: 1024px) 100vw, 1024px\" \/>\t\t\t\t\t\t\t\t\t\t\t\t\t\t\t<\/div>\n\t\t\t\t<\/div>\n\t\t\t\t<\/div>\n\t\t<div class=\"elementor-element elementor-element-6873d859 e-con-full e-flex e-con e-child\" data-id=\"6873d859\" data-element_type=\"container\" data-e-type=\"container\">\n\t\t\t\t<div class=\"elementor-element elementor-element-17190b25 elementor-widget elementor-widget-heading\" data-id=\"17190b25\" data-element_type=\"widget\" data-e-type=\"widget\" data-widget_type=\"heading.default\">\n\t\t\t\t\t<h3 class=\"elementor-heading-title elementor-size-default\">\u00dcber mich<\/h3>\t\t\t\t<\/div>\n\t\t\t\t<div class=\"elementor-element elementor-element-4b9bc46a elementor-widget elementor-widget-text-editor\" data-id=\"4b9bc46a\" data-element_type=\"widget\" data-e-type=\"widget\" data-widget_type=\"text-editor.default\">\n\t\t\t\t\t\t\t\t\t<p style=\"font-weight: 400;\">Als achtsame, strukturierte und kompetente Impulsgeberin biete ich einen Raum, in dem Du dir selbst begegnen und mit neuen Ideen und gest\u00e4rktem Mut weitergehen kannst.<\/p>\t\t\t\t\t\t\t\t<\/div>\n\t\t\t\t<\/div>\n\t\t\t\t\t<\/div>\n\t\t\t\t<\/div>\n\t\t<div class=\"elementor-element elementor-element-3446cc1 e-flex e-con-boxed e-con e-parent\" data-id=\"3446cc1\" data-element_type=\"container\" data-e-type=\"container\" data-settings=\"{&quot;background_background&quot;:&quot;classic&quot;}\">\n\t\t\t\t\t<div class=\"e-con-inner\">\n\t\t\t\t<div class=\"elementor-element elementor-element-12ca504 elementor-widget elementor-widget-heading\" data-id=\"12ca504\" data-element_type=\"widget\" data-e-type=\"widget\" data-widget_type=\"heading.default\">\n\t\t\t\t\t<h3 class=\"elementor-heading-title elementor-size-default\">Wenn nicht in diesem Leben, wann dann?<\/h3>\t\t\t\t<\/div>\n\t\t\t\t<div class=\"elementor-element elementor-element-e60fc21 elementor-widget elementor-widget-text-editor\" data-id=\"e60fc21\" data-element_type=\"widget\" data-e-type=\"widget\" data-widget_type=\"text-editor.default\">\n\t\t\t\t\t\t\t\t\t<p>Weniger Drama, mehr Lebensfreude. Weniger Starre, mehr Fluss. Komm\u2019 Dir auf die Schliche und wieder in Bewegung.<\/p>\t\t\t\t\t\t\t\t<\/div>\n\t\t\t\t<div class=\"elementor-element elementor-element-fdb75ce elementor-mobile-align-center elementor-align-center elementor-widget elementor-widget-button\" data-id=\"fdb75ce\" data-element_type=\"widget\" data-e-type=\"widget\" data-widget_type=\"button.default\">\n\t\t\t\t\t\t\t\t\t\t<a class=\"elementor-button elementor-button-link elementor-size-sm\" href=\"#\">\n\t\t\t\t\t\t<span class=\"elementor-button-content-wrapper\">\n\t\t\t\t\t\t\t\t\t<span class=\"elementor-button-text\">Jetzt Kontakt aufnehmen.<\/span>\n\t\t\t\t\t<\/span>\n\t\t\t\t\t<\/a>\n\t\t\t\t\t\t\t\t<\/div>\n\t\t\t\t\t<\/div>\n\t\t\t\t<\/div>\n\t\t<div class=\"elementor-element elementor-element-9bb1d14 e-flex e-con-boxed e-con e-parent\" data-id=\"9bb1d14\" data-element_type=\"container\" data-e-type=\"container\">\n\t\t\t\t\t<div class=\"e-con-inner\">\n\t\t\t\t<div class=\"elementor-element elementor-element-4037f6c elementor-widget elementor-widget-spacer\" data-id=\"4037f6c\" data-element_type=\"widget\" data-e-type=\"widget\" data-widget_type=\"spacer.default\">\n\t\t\t\t\t\t\t<div class=\"elementor-spacer\">\n\t\t\t<div class=\"elementor-spacer-inner\"><\/div>\n\t\t<\/div>\n\t\t\t\t\t\t<\/div>\n\t\t\t\t\t<\/div>\n\t\t\t\t<\/div>\n\t\t\t\t<\/div>\n\t\t","protected":false},"excerpt":{"rendered":"<p>Erlaube Dir, dich selbst zu sein Hier bist Du willkommen, so wie Du bist \u2013 mit all deinen Themen. Gemeinsam [&hellip;]<\/p>\n","protected":false},"author":1,"featured_media":0,"parent":0,"menu_order":0,"comment_status":"closed","ping_status":"closed","template":"elementor_header_footer","meta":{"site-sidebar-layout":"no-sidebar","site-content-layout":"","ast-site-content-layout":"full-width-container","site-content-style":"default","site-sidebar-style":"default","ast-global-header-display":"","ast-banner-title-visibility":"","ast-main-header-display":"","ast-hfb-above-header-display":"","ast-hfb-below-header-display":"","ast-hfb-mobile-header-display":"","site-post-title":"disabled","ast-breadcrumbs-content":"","ast-featured-img":"disabled","footer-sml-layout":"","ast-disable-related-posts":"","theme-transparent-header-meta":"","adv-header-id-meta":"","stick-header-meta":"","header-above-stick-meta":"","header-main-stick-meta":"","header-below-stick-meta":"","astra-migrate-meta-layouts":"default","ast-page-background-enabled":"default","ast-page-background-meta":{"desktop":{"background-color":"var(--ast-global-color-5)","background-image":"","background-repeat":"repeat","background-position":"center center","background-size":"auto","background-attachment":"scroll","background-type":"","background-media":"","overlay-type":"","overlay-color":"","overlay-opacity":"","overlay-gradient":""},"tablet":{"background-color":"","background-image":"","background-repeat":"repeat","background-position":"center center","background-size":"auto","background-attachment":"scroll","background-type":"","background-media":"","overlay-type":"","overlay-color":"","overlay-opacity":"","overlay-gradient":""},"mobile":{"background-color":"","background-image":"","background-repeat":"repeat","background-position":"center center","background-size":"auto","background-attachment":"scroll","background-type":"","background-media":"","overlay-type":"","overlay-color":"","overlay-opacity":"","overlay-gradient":""}},"ast-content-background-meta":{"desktop":{"background-color":"var(--ast-global-color-4)","background-image":"","background-repeat":"repeat","background-position":"center center","background-size":"auto","background-attachment":"scroll","background-type":"","background-media":"","overlay-type":"","overlay-color":"","overlay-opacity":"","overlay-gradient":""},"tablet":{"background-color":"var(--ast-global-color-4)","background-image":"","background-repeat":"repeat","background-position":"center center","background-size":"auto","background-attachment":"scroll","background-type":"","background-media":"","overlay-type":"","overlay-color":"","overlay-opacity":"","overlay-gradient":""},"mobile":{"background-color":"var(--ast-global-color-4)","background-image":"","background-repeat":"repeat","background-position":"center center","background-size":"auto","background-attachment":"scroll","background-type":"","background-media":"","overlay-type":"","overlay-color":"","overlay-opacity":"","overlay-gradient":""}},"footnotes":""},"class_list":["post-41","page","type-page","status-publish","hentry"],"_links":{"self":[{"href":"https:\/\/beta.rebecca-blatter.ch\/index.php?rest_route=\/wp\/v2\/pages\/41","targetHints":{"allow":["GET"]}}],"collection":[{"href":"https:\/\/beta.rebecca-blatter.ch\/index.php?rest_route=\/wp\/v2\/pages"}],"about":[{"href":"https:\/\/beta.rebecca-blatter.ch\/index.php?rest_route=\/wp\/v2\/types\/page"}],"author":[{"embeddable":true,"href":"https:\/\/beta.rebecca-blatter.ch\/index.php?rest_route=\/wp\/v2\/users\/1"}],"replies":[{"embeddable":true,"href":"https:\/\/beta.rebecca-blatter.ch\/index.php?rest_route=%2Fwp%2Fv2%2Fcomments&post=41"}],"version-history":[{"count":298,"href":"https:\/\/beta.rebecca-blatter.ch\/index.php?rest_route=\/wp\/v2\/pages\/41\/revisions"}],"predecessor-version":[{"id":570,"href":"https:\/\/beta.rebecca-blatter.ch\/index.php?rest_route=\/wp\/v2\/pages\/41\/revisions\/570"}],"wp:attachment":[{"href":"https:\/\/beta.rebecca-blatter.ch\/index.php?rest_route=%2Fwp%2Fv2%2Fmedia&parent=41"}],"curies":[{"name":"wp","href":"https:\/\/api.w.org\/{rel}","templated":true}]}}