{"id":18,"date":"2026-02-25T12:32:11","date_gmt":"2026-02-25T12:32:11","guid":{"rendered":"https:\/\/beta.rebecca-blatter.ch\/?page_id=18"},"modified":"2026-03-26T16:51:51","modified_gmt":"2026-03-26T16:51:51","slug":"ueber-mich","status":"publish","type":"page","link":"https:\/\/beta.rebecca-blatter.ch\/?page_id=18","title":{"rendered":"\u00dcber mich"},"content":{"rendered":"\t\t<div data-elementor-type=\"wp-page\" data-elementor-id=\"18\" class=\"elementor elementor-18\">\n\t\t\t\t<div class=\"elementor-element elementor-element-aacf2e1 e-con-full e-flex e-con e-parent\" data-id=\"aacf2e1\" data-element_type=\"container\" data-e-type=\"container\" data-settings=\"{&quot;background_background&quot;:&quot;classic&quot;}\">\n\t\t<div class=\"elementor-element elementor-element-b6f25e0 e-con-full e-flex e-con e-child\" data-id=\"b6f25e0\" data-element_type=\"container\" data-e-type=\"container\">\n\t\t\t\t<div class=\"elementor-element elementor-element-0eb1da2 elementor-widget elementor-widget-heading\" data-id=\"0eb1da2\" data-element_type=\"widget\" data-e-type=\"widget\" data-widget_type=\"heading.default\">\n\t\t\t\t\t<h1 class=\"elementor-heading-title elementor-size-default\">\u00dcber mich<\/h1>\t\t\t\t<\/div>\n\t\t\t\t<div class=\"elementor-element elementor-element-8060b7d elementor-widget elementor-widget-text-editor\" data-id=\"8060b7d\" data-element_type=\"widget\" data-e-type=\"widget\" data-widget_type=\"text-editor.default\">\n\t\t\t\t\t\t\t\t\t<p>Ich w\u00e4hle Gl\u00fcck.<\/p>\t\t\t\t\t\t\t\t<\/div>\n\t\t\t\t<\/div>\n\t\t<div class=\"elementor-element elementor-element-d67feb7 e-con-full e-flex e-con e-child\" data-id=\"d67feb7\" data-element_type=\"container\" data-e-type=\"container\">\n\t\t\t\t<div class=\"elementor-element elementor-element-58d5780 elementor-widget elementor-widget-image\" data-id=\"58d5780\" data-element_type=\"widget\" data-e-type=\"widget\" data-widget_type=\"image.default\">\n\t\t\t\t\t\t\t\t\t\t\t\t\t\t\t<img fetchpriority=\"high\" decoding=\"async\" width=\"1024\" height=\"683\" src=\"https:\/\/beta.rebecca-blatter.ch\/wp-content\/uploads\/2026\/03\/IMG_0835-web-1024x683.jpg\" class=\"attachment-large size-large wp-image-68\" alt=\"\" srcset=\"https:\/\/beta.rebecca-blatter.ch\/wp-content\/uploads\/2026\/03\/IMG_0835-web-1024x683.jpg 1024w, https:\/\/beta.rebecca-blatter.ch\/wp-content\/uploads\/2026\/03\/IMG_0835-web-300x200.jpg 300w, https:\/\/beta.rebecca-blatter.ch\/wp-content\/uploads\/2026\/03\/IMG_0835-web-768x512.jpg 768w, https:\/\/beta.rebecca-blatter.ch\/wp-content\/uploads\/2026\/03\/IMG_0835-web-1536x1024.jpg 1536w, https:\/\/beta.rebecca-blatter.ch\/wp-content\/uploads\/2026\/03\/IMG_0835-web-2048x1365.jpg 2048w\" sizes=\"(max-width: 1024px) 100vw, 1024px\" \/>\t\t\t\t\t\t\t\t\t\t\t\t\t\t\t<\/div>\n\t\t\t\t<\/div>\n\t\t\t\t<\/div>\n\t\t<div class=\"elementor-element elementor-element-010e5fe e-flex e-con-boxed e-con e-parent\" data-id=\"010e5fe\" data-element_type=\"container\" data-e-type=\"container\">\n\t\t\t\t\t<div class=\"e-con-inner\">\n\t\t\t\t<div class=\"elementor-element elementor-element-e73ecaf elementor-widget elementor-widget-spacer\" data-id=\"e73ecaf\" data-element_type=\"widget\" data-e-type=\"widget\" data-widget_type=\"spacer.default\">\n\t\t\t\t\t\t\t<div class=\"elementor-spacer\">\n\t\t\t<div class=\"elementor-spacer-inner\"><\/div>\n\t\t<\/div>\n\t\t\t\t\t\t<\/div>\n\t\t\t\t\t<\/div>\n\t\t\t\t<\/div>\n\t\t<div class=\"elementor-element elementor-element-8ff78cc e-flex e-con-boxed e-con e-parent\" data-id=\"8ff78cc\" data-element_type=\"container\" data-e-type=\"container\">\n\t\t\t\t\t<div class=\"e-con-inner\">\n\t\t\t\t<div class=\"elementor-element elementor-element-4d4f3bf elementor-widget elementor-widget-text-editor\" data-id=\"4d4f3bf\" data-element_type=\"widget\" data-e-type=\"widget\" data-widget_type=\"text-editor.default\">\n\t\t\t\t\t\t\t\t\t<p><span style=\"caret-color: #324a6d; color: #324a6d; font-family: Poppins, sans-serif; font-size: 22px; text-align: var(--text-align);\">Als gelernte Journalistin und Kommunikationsexpertin gehe ich Dingen auf den Grund, zeige Zusammenh\u00e4nge auf und mache diese einfach verst\u00e4ndlich. Als Innerwise Coach verbinde ich die Liebe zur Kommunikation und dem Verstehen mit meiner feinen Wahrnehmung und den wunderbaren Werkzeugen von Innerwise, die uns helfen, Deinem Kern ein St\u00fcck n\u00e4her zu kommen. Wir recherchieren gemeinsam, sp\u00fcren auf, welche hinderlichen Muster Du mit dir tr\u00e4gst, verstehen und l\u00f6sen sie mit Leichtigkeit. Damit Deinem ganz eigenen Leben nichts mehr im Weg steht.<\/span><\/p>\t\t\t\t\t\t\t\t<\/div>\n\t\t\t\t\t<\/div>\n\t\t\t\t<\/div>\n\t\t<div class=\"elementor-element elementor-element-4b10326c e-con-full e-flex e-con e-parent\" data-id=\"4b10326c\" data-element_type=\"container\" data-e-type=\"container\" data-settings=\"{&quot;background_background&quot;:&quot;classic&quot;}\">\n\t\t<div class=\"elementor-element elementor-element-7fd7d505 e-con-full e-flex e-con e-child\" data-id=\"7fd7d505\" data-element_type=\"container\" data-e-type=\"container\">\n\t\t\t\t<div class=\"elementor-element elementor-element-16c68cae elementor-widget elementor-widget-text-editor\" data-id=\"16c68cae\" data-element_type=\"widget\" data-e-type=\"widget\" data-widget_type=\"text-editor.default\">\n\t\t\t\t\t\t\t\t\t<h2 class=\"elementor-heading-title elementor-size-default elementor-inline-editing pen\" contenteditable=\"true\" data-elementor-setting-key=\"title\" data-pen-placeholder=\"Eingabe hier...\">Ich begleite Menschen, die selbstbestimmt leben und strahlen wollen.<\/h2>\t\t\t\t\t\t\t\t<\/div>\n\t\t\t\t<\/div>\n\t\t<div class=\"elementor-element elementor-element-676f1f78 e-con-full e-flex e-con e-child\" data-id=\"676f1f78\" data-element_type=\"container\" data-e-type=\"container\">\n\t\t\t\t<div class=\"elementor-element elementor-element-c5160ba elementor-widget elementor-widget-image\" data-id=\"c5160ba\" data-element_type=\"widget\" data-e-type=\"widget\" data-widget_type=\"image.default\">\n\t\t\t\t\t\t\t\t\t\t\t\t\t\t\t<img decoding=\"async\" width=\"1024\" height=\"683\" src=\"https:\/\/beta.rebecca-blatter.ch\/wp-content\/uploads\/2026\/03\/IMG_0945-web-1024x683.jpg\" class=\"attachment-large size-large wp-image-76\" alt=\"\" srcset=\"https:\/\/beta.rebecca-blatter.ch\/wp-content\/uploads\/2026\/03\/IMG_0945-web-1024x683.jpg 1024w, https:\/\/beta.rebecca-blatter.ch\/wp-content\/uploads\/2026\/03\/IMG_0945-web-300x200.jpg 300w, https:\/\/beta.rebecca-blatter.ch\/wp-content\/uploads\/2026\/03\/IMG_0945-web-768x512.jpg 768w, https:\/\/beta.rebecca-blatter.ch\/wp-content\/uploads\/2026\/03\/IMG_0945-web.jpg 1500w\" sizes=\"(max-width: 1024px) 100vw, 1024px\" \/>\t\t\t\t\t\t\t\t\t\t\t\t\t\t\t<\/div>\n\t\t\t\t<\/div>\n\t\t\t\t<\/div>\n\t\t<div class=\"elementor-element elementor-element-3ab26d3 e-flex e-con-boxed e-con e-parent\" data-id=\"3ab26d3\" data-element_type=\"container\" data-e-type=\"container\">\n\t\t\t\t\t<div class=\"e-con-inner\">\n\t\t\t\t<div class=\"elementor-element elementor-element-b9d622a elementor-widget elementor-widget-text-editor\" data-id=\"b9d622a\" data-element_type=\"widget\" data-e-type=\"widget\" data-widget_type=\"text-editor.default\">\n\t\t\t\t\t\t\t\t\t<p lang=\"de-CH\">Was Du sonst noch \u00fcber mich wissen darfst:<\/p><p lang=\"de-CH\"><span lang=\"de\">Ver\u00e4nderung geschieht nie von jetzt auf gleich, es ist ein Weg.<\/span><span lang=\"de-CH\">\u00a0<\/span><span lang=\"de\">Das ist gut so, denn unterwegs lernen wir viele wichtige Dinge, die uns stark machen und die sp\u00e4ter zu unserem einzigartigen Schatz geh\u00f6ren.\u00a0<\/span><\/p><p lang=\"de-CH\">Als gelernte Journalistin und Kommunikationsexpertin gehe ich Dingen auf den Grund, zeige Zusammenh\u00e4nge auf und mache diese einfach verst\u00e4ndlich. Als Innerwise Coach verbinde ich die Liebe zur Kommunikation und dem Verstehen mit meiner feinen Wahrnehmung und den wunderbaren Werkzeugen von Innerwise, die uns helfen, Deinem Kern ein St\u00fcck n\u00e4her zu kommen. Wir recherchieren gemeinsam, sp\u00fcren auf, welche hinderlichen Muster Du mit dir tr\u00e4gst, verstehen und l\u00f6sen sie mit Leichtigkeit. Damit Deinem ganz eigenen Leben nichts mehr im Weg steht.<\/p>\t\t\t\t\t\t\t\t<\/div>\n\t\t\t\t\t<\/div>\n\t\t\t\t<\/div>\n\t\t\t\t<\/div>\n\t\t","protected":false},"excerpt":{"rendered":"<p>\u00dcber mich Ich w\u00e4hle Gl\u00fcck. Als gelernte Journalistin und Kommunikationsexpertin gehe ich Dingen auf den Grund, zeige Zusammenh\u00e4nge auf und [&hellip;]<\/p>\n","protected":false},"author":1,"featured_media":0,"parent":0,"menu_order":0,"comment_status":"closed","ping_status":"closed","template":"","meta":{"site-sidebar-layout":"default","site-content-layout":"","ast-site-content-layout":"default","site-content-style":"default","site-sidebar-style":"default","ast-global-header-display":"","ast-banner-title-visibility":"","ast-main-header-display":"","ast-hfb-above-header-display":"","ast-hfb-below-header-display":"","ast-hfb-mobile-header-display":"","site-post-title":"disabled","ast-breadcrumbs-content":"","ast-featured-img":"","footer-sml-layout":"","ast-disable-related-posts":"","theme-transparent-header-meta":"","adv-header-id-meta":"","stick-header-meta":"","header-above-stick-meta":"","header-main-stick-meta":"","header-below-stick-meta":"","astra-migrate-meta-layouts":"default","ast-page-background-enabled":"default","ast-page-background-meta":{"desktop":{"background-color":"var(--ast-global-color-5)","background-image":"","background-repeat":"repeat","background-position":"center center","background-size":"auto","background-attachment":"scroll","background-type":"","background-media":"","overlay-type":"","overlay-color":"","overlay-opacity":"","overlay-gradient":""},"tablet":{"background-color":"","background-image":"","background-repeat":"repeat","background-position":"center center","background-size":"auto","background-attachment":"scroll","background-type":"","background-media":"","overlay-type":"","overlay-color":"","overlay-opacity":"","overlay-gradient":""},"mobile":{"background-color":"","background-image":"","background-repeat":"repeat","background-position":"center center","background-size":"auto","background-attachment":"scroll","background-type":"","background-media":"","overlay-type":"","overlay-color":"","overlay-opacity":"","overlay-gradient":""}},"ast-content-background-meta":{"desktop":{"background-color":"var(--ast-global-color-4)","background-image":"","background-repeat":"repeat","background-position":"center center","background-size":"auto","background-attachment":"scroll","background-type":"","background-media":"","overlay-type":"","overlay-color":"","overlay-opacity":"","overlay-gradient":""},"tablet":{"background-color":"var(--ast-global-color-4)","background-image":"","background-repeat":"repeat","background-position":"center center","background-size":"auto","background-attachment":"scroll","background-type":"","background-media":"","overlay-type":"","overlay-color":"","overlay-opacity":"","overlay-gradient":""},"mobile":{"background-color":"var(--ast-global-color-4)","background-image":"","background-repeat":"repeat","background-position":"center center","background-size":"auto","background-attachment":"scroll","background-type":"","background-media":"","overlay-type":"","overlay-color":"","overlay-opacity":"","overlay-gradient":""}},"footnotes":""},"class_list":["post-18","page","type-page","status-publish","hentry"],"_links":{"self":[{"href":"https:\/\/beta.rebecca-blatter.ch\/index.php?rest_route=\/wp\/v2\/pages\/18","targetHints":{"allow":["GET"]}}],"collection":[{"href":"https:\/\/beta.rebecca-blatter.ch\/index.php?rest_route=\/wp\/v2\/pages"}],"about":[{"href":"https:\/\/beta.rebecca-blatter.ch\/index.php?rest_route=\/wp\/v2\/types\/page"}],"author":[{"embeddable":true,"href":"https:\/\/beta.rebecca-blatter.ch\/index.php?rest_route=\/wp\/v2\/users\/1"}],"replies":[{"embeddable":true,"href":"https:\/\/beta.rebecca-blatter.ch\/index.php?rest_route=%2Fwp%2Fv2%2Fcomments&post=18"}],"version-history":[{"count":59,"href":"https:\/\/beta.rebecca-blatter.ch\/index.php?rest_route=\/wp\/v2\/pages\/18\/revisions"}],"predecessor-version":[{"id":310,"href":"https:\/\/beta.rebecca-blatter.ch\/index.php?rest_route=\/wp\/v2\/pages\/18\/revisions\/310"}],"wp:attachment":[{"href":"https:\/\/beta.rebecca-blatter.ch\/index.php?rest_route=%2Fwp%2Fv2%2Fmedia&parent=18"}],"curies":[{"name":"wp","href":"https:\/\/api.w.org\/{rel}","templated":true}]}}